{"id":599,"date":"2025-10-15T22:48:09","date_gmt":"2025-10-15T20:48:09","guid":{"rendered":"https:\/\/webshop-marcella-carin.de\/?post_type=product&#038;p=599"},"modified":"2025-10-16T00:36:41","modified_gmt":"2025-10-15T22:36:41","slug":"das-neue-album-seelenenergie-cd-13-tracks","status":"publish","type":"product","link":"https:\/\/webshop-marcella-carin.de\/?product=das-neue-album-seelenenergie-cd-13-tracks","title":{"rendered":"Das neue Album \u201eSeelenenergie&#8220; <br> als CD (13 Tracks)"},"content":{"rendered":"<p>In dreizehn Titeln f\u00fchrt Marcella Carin ihre H\u00f6rer durch pr\u00e4gende und allt\u00e4gliche Lebensthemen. Sie erz\u00e4hlt Geschichten aus dem echten Leben: von Liebe, innerer St\u00e4rke, vom Loslassen, von Zweifeln, von Dankbarkeit und dem Mut, eigene Wege zu gehen.<br \/>\nMit den Cover-Songs \u201eMit dir bleib ich f\u00fcr immer\u201c und \u201eCalifornia Blue\u201c sind zwei Duette mit dem S\u00e4nger Janis Nikos eingebettet, die f\u00fcr einen Hauch von griechischem Flair sorgen.<\/p>\n<p>Musikalisch verbindet das Album \u201eSeelenenergie\u201c modernen Schlager mit emotionaler Tiefe sowie Leichtigkeit, eing\u00e4ngigen Melodien und einer Stimme, die ber\u00fchrt.<\/p>\n","protected":false},"excerpt":{"rendered":"<p>Dieses Angebot bezieht sich auf den Kauf einer CD als Tontr\u00e4ger.<\/p>\n<p>Das neue Album erscheint am 17.10.2025 und enth\u00e4lt folgende Tracks:<\/p>\n<ol>\n<li>\u00a0 Seelenenergie<\/li>\n<li>\u00a0 Jetzt und hier<\/li>\n<li>\u00a0 Das war nicht nur Liebe<\/li>\n<li>\u00a0 Ich bin wieder hier<\/li>\n<li>\u00a0 Mein Herz hat seinen eigenen Kopf<\/li>\n<li>\u00a0 Wie soll das gehn?<\/li>\n<li>\u00a0 Der Anfang unsrer Sterne<\/li>\n<li>\u00a0 Unbeschwert, verr\u00fcckt und frei<\/li>\n<li>\u00a0 Auf den Spuren des Gl\u00fccks<\/li>\n<li>\u00a0 Die Richtung stimmt<\/li>\n<li>\u00a0 Alles auf Herz<\/li>\n<li>\u00a0 Mit dir bleib ich f\u00fcr immer (Duett mit Janis Nikos)<\/li>\n<li>\u00a0 California Blue (Duett mit Janis Nikos)<\/li>\n<\/ol>\n<p>Signierungsw\u00fcnsche bitte bei Bestellung angeben (Bemerkung bei Abschluss).<\/p>\n","protected":false},"featured_media":592,"comment_status":"open","ping_status":"closed","template":"","meta":[],"product_brand":[],"product_cat":[16],"product_tag":[],"class_list":{"0":"post-599","1":"product","2":"type-product","3":"status-publish","4":"has-post-thumbnail","6":"product_cat-cds","7":"product_shipping_class-postbrief","9":"first","10":"instock","11":"taxable","12":"shipping-taxable","13":"purchasable","14":"product-type-simple"},"jetpack_sharing_enabled":true,"_links":{"self":[{"href":"https:\/\/webshop-marcella-carin.de\/index.php?rest_route=\/wp\/v2\/product\/599"}],"collection":[{"href":"https:\/\/webshop-marcella-carin.de\/index.php?rest_route=\/wp\/v2\/product"}],"about":[{"href":"https:\/\/webshop-marcella-carin.de\/index.php?rest_route=\/wp\/v2\/types\/product"}],"replies":[{"embeddable":true,"href":"https:\/\/webshop-marcella-carin.de\/index.php?rest_route=%2Fwp%2Fv2%2Fcomments&post=599"}],"wp:featuredmedia":[{"embeddable":true,"href":"https:\/\/webshop-marcella-carin.de\/index.php?rest_route=\/wp\/v2\/media\/592"}],"wp:attachment":[{"href":"https:\/\/webshop-marcella-carin.de\/index.php?rest_route=%2Fwp%2Fv2%2Fmedia&parent=599"}],"wp:term":[{"taxonomy":"product_brand","embeddable":true,"href":"https:\/\/webshop-marcella-carin.de\/index.php?rest_route=%2Fwp%2Fv2%2Fproduct_brand&post=599"},{"taxonomy":"product_cat","embeddable":true,"href":"https:\/\/webshop-marcella-carin.de\/index.php?rest_route=%2Fwp%2Fv2%2Fproduct_cat&post=599"},{"taxonomy":"product_tag","embeddable":true,"href":"https:\/\/webshop-marcella-carin.de\/index.php?rest_route=%2Fwp%2Fv2%2Fproduct_tag&post=599"}],"curies":[{"name":"wp","href":"https:\/\/api.w.org\/{rel}","templated":true}]}}

<p>In dreizehn Titeln führt Marcella Carin ihre Hörer durch prägende und alltägliche Lebensthemen. Sie erzählt Geschichten aus dem echten Leben: von Liebe, innerer Stärke, vom Loslassen, von Zweifeln, von Dankbarkeit und dem Mut, eigene Wege zu gehen.<br />
Mit den Cover-Songs „Mit dir bleib ich für immer“ und „California Blue“ sind zwei Duette mit dem Sänger Janis Nikos eingebettet, die für einen Hauch von griechischem Flair sorgen.</p>
<p>Musikalisch verbindet das Album „Seelenenergie“ modernen Schlager mit emotionaler Tiefe sowie Leichtigkeit, eingängigen Melodien und einer Stimme, die berührt.</p>

<p>Dieses Angebot bezieht sich auf den Kauf einer CD als Tonträger.</p>
<p>Das neue Album erscheint am 17.10.2025 und enthält folgende Tracks:</p>
<ol>
<li>  Seelenenergie</li>
<li>  Jetzt und hier</li>
<li>  Das war nicht nur Liebe</li>
<li>  Ich bin wieder hier</li>
<li>  Mein Herz hat seinen eigenen Kopf</li>
<li>  Wie soll das gehn?</li>
<li>  Der Anfang unsrer Sterne</li>
<li>  Unbeschwert, verrückt und frei</li>
<li>  Auf den Spuren des Glücks</li>
<li>  Die Richtung stimmt</li>
<li>  Alles auf Herz</li>
<li>  Mit dir bleib ich für immer (Duett mit Janis Nikos)</li>
<li>  California Blue (Duett mit Janis Nikos)</li>
</ol>
<p>Signierungswünsche bitte bei Bestellung angeben (Bemerkung bei Abschluss).</p>
