{"id":417,"date":"2022-04-24T13:10:50","date_gmt":"2022-04-24T11:10:50","guid":{"rendered":"https:\/\/webshop.marcella-carin.de\/?post_type=product&#038;p=417"},"modified":"2025-04-09T22:42:00","modified_gmt":"2025-04-09T20:42:00","slug":"polo-t-shirt-marcella-carin-wunschkonzert","status":"publish","type":"product","link":"https:\/\/webshop-marcella-carin.de\/?product=polo-t-shirt-marcella-carin-wunschkonzert","title":{"rendered":"Polo-T-Shirt &#8222;Marcella Carin &#8211; Wunschkonzert&#8220;"},"content":{"rendered":"<p>Exklusives Polo T-Shirt, Farbe dunkelblau, 100 % Baumwolle, mit qualitativ hochwertigem, waschmachinenbest\u00e4ndigem <strong>Flexdruck<\/strong> (silber). &#8222;Marcella Carin&#8220; auf der Vorderseite, &#8222;Das Leben ist (k)ein Wunschkonzert&#8220;\u00a0 auf der R\u00fcckseite.<\/p>\n<p>Lieferbar in Gr\u00f6\u00dfen: M, L, XL, 2XL, 3XL.<br \/>\nGr\u00f6\u00dfe S aktuell ausverkauft.<\/p>\n<p>Dieses Produkt wird nur so lange vorr\u00e4tig verkauft. Ggf. sind Wartezeiten m\u00f6glich. In dem Fall, werden Sie davon per E-Mail informiert.<\/p>\n","protected":false},"excerpt":{"rendered":"<p>Exklusives Polo T-Shirt, Farbe dunkelblau, 100 % Baumwolle, mit qualitativ hochwertigem, waschmachinenbest\u00e4ndigem Flexdruck (silber). &#8222;Marcella Carin&#8220; auf der Vorderseite, &#8222;Das Leben ist (k)ein Wunschkonzert&#8220;\u00a0 auf der R\u00fcckseite. Lieferbar in Gr\u00f6\u00dfen: M, L, XL, 2XL, 3XL. Gr\u00f6\u00dfe S aktuell ausverkauft. Dieses Produkt wird nur so lange vorr\u00e4tig verkauft. Ggf. sind Wartezeiten m\u00f6glich. In dem Fall, werden [&hellip;]<\/p>\n","protected":false},"featured_media":432,"comment_status":"open","ping_status":"closed","template":"","meta":[],"product_brand":[],"product_cat":[20],"product_tag":[],"class_list":{"0":"post-417","1":"product","2":"type-product","3":"status-publish","4":"has-post-thumbnail","6":"product_cat-fanartikel","7":"product_shipping_class-paeckchen","9":"first","10":"instock","11":"taxable","12":"shipping-taxable","13":"purchasable","14":"product-type-variable","15":"has-default-attributes"},"jetpack_sharing_enabled":true,"_links":{"self":[{"href":"https:\/\/webshop-marcella-carin.de\/index.php?rest_route=\/wp\/v2\/product\/417"}],"collection":[{"href":"https:\/\/webshop-marcella-carin.de\/index.php?rest_route=\/wp\/v2\/product"}],"about":[{"href":"https:\/\/webshop-marcella-carin.de\/index.php?rest_route=\/wp\/v2\/types\/product"}],"replies":[{"embeddable":true,"href":"https:\/\/webshop-marcella-carin.de\/index.php?rest_route=%2Fwp%2Fv2%2Fcomments&post=417"}],"wp:featuredmedia":[{"embeddable":true,"href":"https:\/\/webshop-marcella-carin.de\/index.php?rest_route=\/wp\/v2\/media\/432"}],"wp:attachment":[{"href":"https:\/\/webshop-marcella-carin.de\/index.php?rest_route=%2Fwp%2Fv2%2Fmedia&parent=417"}],"wp:term":[{"taxonomy":"product_brand","embeddable":true,"href":"https:\/\/webshop-marcella-carin.de\/index.php?rest_route=%2Fwp%2Fv2%2Fproduct_brand&post=417"},{"taxonomy":"product_cat","embeddable":true,"href":"https:\/\/webshop-marcella-carin.de\/index.php?rest_route=%2Fwp%2Fv2%2Fproduct_cat&post=417"},{"taxonomy":"product_tag","embeddable":true,"href":"https:\/\/webshop-marcella-carin.de\/index.php?rest_route=%2Fwp%2Fv2%2Fproduct_tag&post=417"}],"curies":[{"name":"wp","href":"https:\/\/api.w.org\/{rel}","templated":true}]}}

<p>Exklusives Polo T-Shirt, Farbe dunkelblau, 100 % Baumwolle, mit qualitativ hochwertigem, waschmachinenbeständigem <strong>Flexdruck</strong> (silber). &#8222;Marcella Carin&#8220; auf der Vorderseite, &#8222;Das Leben ist (k)ein Wunschkonzert&#8220;  auf der Rückseite.</p>
<p>Lieferbar in Größen: M, L, XL, 2XL, 3XL.<br />
Größe S aktuell ausverkauft.</p>
<p>Dieses Produkt wird nur so lange vorrätig verkauft. Ggf. sind Wartezeiten möglich. In dem Fall, werden Sie davon per E-Mail informiert.</p>

<p>Exklusives Polo T-Shirt, Farbe dunkelblau, 100 % Baumwolle, mit qualitativ hochwertigem, waschmachinenbeständigem Flexdruck (silber). &#8222;Marcella Carin&#8220; auf der Vorderseite, &#8222;Das Leben ist (k)ein Wunschkonzert&#8220;  auf der Rückseite. Lieferbar in Größen: M, L, XL, 2XL, 3XL. Größe S aktuell ausverkauft. Dieses Produkt wird nur so lange vorrätig verkauft. Ggf. sind Wartezeiten möglich. In dem Fall, werden [&hellip;]</p>
