{"id":348,"date":"2021-09-24T00:00:50","date_gmt":"2021-09-23T22:00:50","guid":{"rendered":"https:\/\/webshop.marcella-carin.de\/?post_type=product&#038;p=348"},"modified":"2025-10-15T23:02:49","modified_gmt":"2025-10-15T21:02:49","slug":"single-cd-land-der-wilden-pferde","status":"publish","type":"product","link":"https:\/\/webshop-marcella-carin.de\/?product=single-cd-land-der-wilden-pferde","title":{"rendered":"Land der wilden Pferde <br>(Single CD)"},"content":{"rendered":"<p>Mit einer Melodie, die viel Raum und somit f\u00f6rmlich die Freiheit emotional erleben l\u00e4sst, entf\u00fchrt sie Marcella Carin in eine perfekte Natur, in der Wasser und Erde eins sind. Sie beschreibt die Eigenschaften der wilden Pferde in der Camargue und deren Heimat. Pferdeliebhaber verstehen, was sie meint. Doch gleichzeitig spannt sie den Bogen, dass sie auch solche Vorstellungen an ihr k\u00fcnftiges Leben und die Freiheit hat.<\/p>\n<p>Diesen Song k\u00f6nnen Sie auch \u00fcber alle g\u00e4ngigen Streaming-Portale (Spotify, itunes, youtube-music, Deezer u.a.) beziehen. Geben Sie dazu den Suchbegriff &#8222;Marcella Carin&#8220; ein.<\/p>\n","protected":false},"excerpt":{"rendered":"<p>Diese Angebot bezieht sich auf den Kauf eines<strong> physischen Tontr\u00e4gers<\/strong> als Single-CD. Dieser Titel wurde extra aus dem Album &#8222;Wunschkonzert&#8220; ausgekoppelt. Die Ver\u00f6ffentlichung erfolgte zum gleichen Zeitpunkt, n\u00e4mlich den 24.09.2021, wie das Album.<\/p>\n<p>In dem Titel &#8222;Land der wilden Pferde&#8220; beschreibt Marcella Carin die Heimat und die Eigenschaften der Wildpferde in der Camargue. Gleichzeitig spannt sie jedoch noch den Bogen, wie sie sich Ihr k\u00fcnftiges Leben durchaus vorstellen k\u00f6nnte &#8230;<\/p>\n","protected":false},"featured_media":350,"comment_status":"open","ping_status":"closed","template":"","meta":[],"product_brand":[],"product_cat":[16],"product_tag":[72,52,67,46,74,76,75,77,78,51,73,82],"class_list":{"0":"post-348","1":"product","2":"type-product","3":"status-publish","4":"has-post-thumbnail","6":"product_cat-cds","7":"product_tag-carin","8":"product_tag-deutscher-schlager","9":"product_tag-land-der-wilden-pferde","10":"product_tag-marcella-carin","11":"product_tag-perde-in-der-camargue","12":"product_tag-pferde","13":"product_tag-pferde-in-der-camarque","14":"product_tag-pferdeliebhaber","15":"product_tag-reiten","16":"product_tag-schlager","17":"product_tag-wilde-pferde","18":"product_tag-wildpferde","19":"product_shipping_class-postbrief","21":"first","22":"instock","23":"taxable","24":"shipping-taxable","25":"purchasable","26":"product-type-simple"},"jetpack_sharing_enabled":true,"_links":{"self":[{"href":"https:\/\/webshop-marcella-carin.de\/index.php?rest_route=\/wp\/v2\/product\/348"}],"collection":[{"href":"https:\/\/webshop-marcella-carin.de\/index.php?rest_route=\/wp\/v2\/product"}],"about":[{"href":"https:\/\/webshop-marcella-carin.de\/index.php?rest_route=\/wp\/v2\/types\/product"}],"replies":[{"embeddable":true,"href":"https:\/\/webshop-marcella-carin.de\/index.php?rest_route=%2Fwp%2Fv2%2Fcomments&post=348"}],"wp:featuredmedia":[{"embeddable":true,"href":"https:\/\/webshop-marcella-carin.de\/index.php?rest_route=\/wp\/v2\/media\/350"}],"wp:attachment":[{"href":"https:\/\/webshop-marcella-carin.de\/index.php?rest_route=%2Fwp%2Fv2%2Fmedia&parent=348"}],"wp:term":[{"taxonomy":"product_brand","embeddable":true,"href":"https:\/\/webshop-marcella-carin.de\/index.php?rest_route=%2Fwp%2Fv2%2Fproduct_brand&post=348"},{"taxonomy":"product_cat","embeddable":true,"href":"https:\/\/webshop-marcella-carin.de\/index.php?rest_route=%2Fwp%2Fv2%2Fproduct_cat&post=348"},{"taxonomy":"product_tag","embeddable":true,"href":"https:\/\/webshop-marcella-carin.de\/index.php?rest_route=%2Fwp%2Fv2%2Fproduct_tag&post=348"}],"curies":[{"name":"wp","href":"https:\/\/api.w.org\/{rel}","templated":true}]}}

<p>Mit einer Melodie, die viel Raum und somit förmlich die Freiheit emotional erleben lässt, entführt sie Marcella Carin in eine perfekte Natur, in der Wasser und Erde eins sind. Sie beschreibt die Eigenschaften der wilden Pferde in der Camargue und deren Heimat. Pferdeliebhaber verstehen, was sie meint. Doch gleichzeitig spannt sie den Bogen, dass sie auch solche Vorstellungen an ihr künftiges Leben und die Freiheit hat.</p>
<p>Diesen Song können Sie auch über alle gängigen Streaming-Portale (Spotify, itunes, youtube-music, Deezer u.a.) beziehen. Geben Sie dazu den Suchbegriff &#8222;Marcella Carin&#8220; ein.</p>

<p>Diese Angebot bezieht sich auf den Kauf eines<strong> physischen Tonträgers</strong> als Single-CD. Dieser Titel wurde extra aus dem Album &#8222;Wunschkonzert&#8220; ausgekoppelt. Die Veröffentlichung erfolgte zum gleichen Zeitpunkt, nämlich den 24.09.2021, wie das Album.</p>
<p>In dem Titel &#8222;Land der wilden Pferde&#8220; beschreibt Marcella Carin die Heimat und die Eigenschaften der Wildpferde in der Camargue. Gleichzeitig spannt sie jedoch noch den Bogen, wie sie sich Ihr künftiges Leben durchaus vorstellen könnte &#8230;</p>
