{"id":33,"date":"2012-10-09T09:49:56","date_gmt":"2012-10-09T07:49:56","guid":{"rendered":"http:\/\/192.168.1.109\/?post_type=product&#038;p=33"},"modified":"2025-10-15T23:10:19","modified_gmt":"2025-10-15T21:10:19","slug":"lass-mich-in-dein-herz-single-2-tracks-kopie","status":"publish","type":"product","link":"https:\/\/webshop-marcella-carin.de\/?product=lass-mich-in-dein-herz-single-2-tracks-kopie","title":{"rendered":"Lass mich in dein Herz (Single CD)"},"content":{"rendered":"<p class=\"visible full-visible\">Diese \u201cSingle\u201d ist eine Aufforderung sich auf das Risiko \u201cLiebe\u201d einzulassen, um mit der ganz gro\u00dfen Liebe belohnt zu werden. Auch wenn die meisten M\u00e4nner nicht oft sagen \u201cIch liebe dich\u201d, sind es genau diese drei kleinen Worte, die \u201cFrau\u201d ab und zu h\u00f6ren m\u00f6chte.<\/p>\n<p class=\"visible full-visible\">\u201cLass mich in dein Herz\u201d und du wirst sp\u00fcr`n, dass es sich lohnt.<\/p>\n<p>&nbsp;<\/p>\n<p>-Nur noch wenige CDs vorr\u00e4tig-<\/p>\n","protected":false},"excerpt":{"rendered":"<p>Dieses Album nimmt Dich mit auf eine musikalische Reise rund um das Thema Liebe, Gl\u00fcck, Sehnsucht und Entt\u00e4uschung. Mit viel Gef\u00fchl und Power, mal peppig-poppig, mal frech oder im knackigen und modernen Schlagerrhytmus. Hier ist f\u00fcr jeden etwas dabei.<\/p>\n","protected":false},"featured_media":34,"comment_status":"open","ping_status":"closed","template":"","meta":[],"product_brand":[],"product_cat":[16],"product_tag":[],"class_list":{"0":"post-33","1":"product","2":"type-product","3":"status-publish","4":"has-post-thumbnail","6":"product_cat-cds","7":"product_shipping_class-postbrief","9":"first","10":"instock","11":"taxable","12":"shipping-taxable","13":"purchasable","14":"product-type-simple"},"jetpack_sharing_enabled":true,"_links":{"self":[{"href":"https:\/\/webshop-marcella-carin.de\/index.php?rest_route=\/wp\/v2\/product\/33"}],"collection":[{"href":"https:\/\/webshop-marcella-carin.de\/index.php?rest_route=\/wp\/v2\/product"}],"about":[{"href":"https:\/\/webshop-marcella-carin.de\/index.php?rest_route=\/wp\/v2\/types\/product"}],"replies":[{"embeddable":true,"href":"https:\/\/webshop-marcella-carin.de\/index.php?rest_route=%2Fwp%2Fv2%2Fcomments&post=33"}],"wp:featuredmedia":[{"embeddable":true,"href":"https:\/\/webshop-marcella-carin.de\/index.php?rest_route=\/wp\/v2\/media\/34"}],"wp:attachment":[{"href":"https:\/\/webshop-marcella-carin.de\/index.php?rest_route=%2Fwp%2Fv2%2Fmedia&parent=33"}],"wp:term":[{"taxonomy":"product_brand","embeddable":true,"href":"https:\/\/webshop-marcella-carin.de\/index.php?rest_route=%2Fwp%2Fv2%2Fproduct_brand&post=33"},{"taxonomy":"product_cat","embeddable":true,"href":"https:\/\/webshop-marcella-carin.de\/index.php?rest_route=%2Fwp%2Fv2%2Fproduct_cat&post=33"},{"taxonomy":"product_tag","embeddable":true,"href":"https:\/\/webshop-marcella-carin.de\/index.php?rest_route=%2Fwp%2Fv2%2Fproduct_tag&post=33"}],"curies":[{"name":"wp","href":"https:\/\/api.w.org\/{rel}","templated":true}]}}