{"id":106,"date":"2018-10-10T22:34:28","date_gmt":"2018-10-10T20:34:28","guid":{"rendered":"http:\/\/192.168.1.109\/versandarten\/"},"modified":"2021-05-26T19:34:37","modified_gmt":"2021-05-26T17:34:37","slug":"versandarten","status":"publish","type":"page","link":"https:\/\/webshop-marcella-carin.de\/?page_id=106","title":{"rendered":"Versandarten"},"content":{"rendered":"<p><strong>Versandbedingungen<\/strong><\/p>\n<p>Unsere Standardlieferungen erfolgen i.d.R. durch DHL oder ein gleichwertiges Bef\u00f6rderungsunternehmen innerhalb Deutschlands und der Europ\u00e4ischen Union zu den folgenden <strong>Versandkosten (inklusive gesetzliche Mehrwertsteuer)<\/strong><\/p>\n<p><strong>Lieferungen innerhalb Deutschlands und Europ\u00e4ischen Union:<\/strong><\/p>\n<p>&#8211;\u00a0\u00a0\u00a0\u00a0\u00a0\u00a0\u00a0\u00a0\u00a0 F\u00fcr die Versandart <strong>Standard Versand\u00a0<\/strong> und \u00a0Versandklasse <strong>\u201ePostBrief\u201c<\/strong> berechnen wir die Versandkosten <br \/>\u00a0\u00a0\u00a0\u00a0\u00a0\u00a0\u00a0\u00a0\u00a0\u00a0\u00a0 pauschal mit 2,00\u00a0 \u20ac pro Bestellung.<br \/>&#8211;\u00a0\u00a0\u00a0\u00a0\u00a0\u00a0\u00a0\u00a0\u00a0 F\u00fcr die Versandart<strong> Standard Versand<\/strong>\u00a0 und \u00a0Versandklasse \u201eP\u00e4ckchen\u201c berechnen wir die Versandkosten <br \/>\u00a0\u00a0\u00a0\u00a0\u00a0\u00a0\u00a0\u00a0\u00a0\u00a0\u00a0 pauschal mit 4,00\u00a0 \u20ac pro Bestellung.<\/p>\n<p><strong>Lieferungen ins Ausland:<br \/><\/strong>Da es sich bei unseren Produkten prim\u00e4r um Warenlieferungen (ausgenommen Autogrammkarte) handelt, gelten unterschiedliche Bedingungen in den einzelnen L\u00e4nder. So ist z.B. ein Versand mit Luftpolstertaschen nicht mehr in die USA ohne weiteres m\u00f6glich. Wir empfehlen daher, vorab eine Mailanfrage, damit wir die Thematik der jeweiligen Bedingungen und des Portos l\u00e4nderspezifisch kl\u00e4ren k\u00f6nnen.<\/p>\n<p>Ansonsten m\u00fcssen wir eine Versandkostenpauschale f\u00fcr ein P\u00e4ckchen mit 8,90 \u20ac in Ansatz bringen. Dies steht, bezogen in Relation zu den von uns angebotenen Produkten, in keiner Relation.<\/p>\n<p><strong>Lieferung von Download-Produkten:<br \/><\/strong>Downloadprodukte erhalten Sie \u00fcber unsere Streamingplattformen. Hier verweisen wir auf die relevanten Links der jeweiligen K\u00fcnstlerhomepage (z.B. https:\/\/www.marcella-carin.de).<\/p>\n<p><strong>Lieferfristen<br \/><\/strong>Soweit im jeweiligen Angebot keine andere Frist angegeben ist, erfolgt die Lieferung der Waren i.d.R. in Deutschland innerhalb von 2-3 Tagen,\u00a0 in der Europ\u00e4ischen Union i.d.R.\u00a0 binnen 3- 10 Tagen nach Vertragsschluss (bei vereinbarter Vorauszahlung nach dem Zeitpunkt des Zahlungseingangs).\u00a0 Die Lieferfrist h\u00e4ngt vom jeweiligen Bef\u00f6rderungsunternehmen ab. Beachten Sie hierbei, dass Sonntags und an Feiertagen keine Zustellung erfolgt.<\/p>\n<p>Haben Sie Artikel mit unterschiedlichen Lieferzeiten bestellt, versenden wir die Ware in einer gemeinsamen Sendung, sofern wir keine abweichenden Vereinbarungen mit Ihnen getroffen haben. Die Lieferzeit bestimmt sich in diesem Fall nach dem Artikel mit der l\u00e4ngsten Lieferzeit den Sie bestellt haben.<\/p><p><\/p>","protected":false},"excerpt":{"rendered":"<p>Versandbedingungen Unsere Standardlieferungen erfolgen i.d.R. durch DHL oder ein gleichwertiges Bef\u00f6rderungsunternehmen innerhalb Deutschlands und der Europ\u00e4ischen Union zu den folgenden Versandkosten (inklusive gesetzliche Mehrwertsteuer) Lieferungen innerhalb Deutschlands und Europ\u00e4ischen Union: &#8211;\u00a0\u00a0\u00a0\u00a0\u00a0\u00a0\u00a0\u00a0\u00a0 F\u00fcr die Versandart Standard Versand\u00a0 und \u00a0Versandklasse \u201ePostBrief\u201c berechnen wir die Versandkosten \u00a0\u00a0\u00a0\u00a0\u00a0\u00a0\u00a0\u00a0\u00a0\u00a0\u00a0 pauschal mit 2,00\u00a0 \u20ac pro Bestellung.&#8211;\u00a0\u00a0\u00a0\u00a0\u00a0\u00a0\u00a0\u00a0\u00a0 F\u00fcr die Versandart Standard Versand\u00a0 [&hellip;]<\/p>\n","protected":false},"author":1,"featured_media":0,"parent":0,"menu_order":0,"comment_status":"closed","ping_status":"closed","template":"","meta":{"footnotes":""},"class_list":["post-106","page","type-page","status-publish","hentry"],"jetpack_sharing_enabled":true,"_links":{"self":[{"href":"https:\/\/webshop-marcella-carin.de\/index.php?rest_route=\/wp\/v2\/pages\/106"}],"collection":[{"href":"https:\/\/webshop-marcella-carin.de\/index.php?rest_route=\/wp\/v2\/pages"}],"about":[{"href":"https:\/\/webshop-marcella-carin.de\/index.php?rest_route=\/wp\/v2\/types\/page"}],"author":[{"embeddable":true,"href":"https:\/\/webshop-marcella-carin.de\/index.php?rest_route=\/wp\/v2\/users\/1"}],"replies":[{"embeddable":true,"href":"https:\/\/webshop-marcella-carin.de\/index.php?rest_route=%2Fwp%2Fv2%2Fcomments&post=106"}],"version-history":[{"count":7,"href":"https:\/\/webshop-marcella-carin.de\/index.php?rest_route=\/wp\/v2\/pages\/106\/revisions"}],"predecessor-version":[{"id":263,"href":"https:\/\/webshop-marcella-carin.de\/index.php?rest_route=\/wp\/v2\/pages\/106\/revisions\/263"}],"wp:attachment":[{"href":"https:\/\/webshop-marcella-carin.de\/index.php?rest_route=%2Fwp%2Fv2%2Fmedia&parent=106"}],"curies":[{"name":"wp","href":"https:\/\/api.w.org\/{rel}","templated":true}]}}